e factors of d(-11)?
2, 83
Suppose 14*w - 8*w = -12. Let o be (w/(-5) - 5936/(-60))*-3. Let b = 421 + o. List the prime factors of b.
3, 41
Let g = 831 + -904. Let z = 10 - 15. Let a = z - g. What are the prime factors of a?
2, 17
Suppose 3*y = -3*h - 0*y - 21, 0 = 2*y - 6. Let k be 3/(-6) - 3205/h. Suppose -4 = -4*s + 16, 5*g - 3*s - k = 0. List the prime factors of g.
67
Let k(j) = -148*j + 17. Suppose -d - 2 - 2 = 0. What are the prime factors of k(d)?
3, 7, 29
Let i = 380 + -348. Let p = 464 + i. What are the prime factors of p?
2, 31
Let g = 3111 - 277. What are the prime factors of g?
2, 13, 109
Let m(r) = 2*r**3 - 19*r**2 + 20*r - 322. List the prime factors of m(21).
7, 11, 19
Let v = 452 - 452. Suppose -2*i - 5*g + 1409 = -v*g, 3*g = -i + 705. List the prime factors of i.
2, 3, 13
Let s(r) = -r**2 - 24*r - 91. Let l be s(-19). Suppose -l*k + 6317 = -819. What are the prime factors of k?
2, 223
Let g(w) = -3*w**2 - w + 1. Let n be g(-1). What are the prime factors of n/3*-3 + 226?
227
Let w = 169 - -4144. What are the prime factors of w?
19, 227
Let y be 60/(4/(-40)*4). What are the prime factors of (25/2 + -4)/((-3)/y)?
5, 17
What are the prime factors of -1*(2 + 3) + (1584000/4)/32?
2, 5, 1237
Suppose 0 = -3*v + 8 + 4. Let l = -2066 + 2112. Suppose 0 = -2*a + v*i + l, -8*a = -3*a + 2*i - 163. What are the prime factors of a?
31
Let l(s) = s**2 - 2*s + 3. Let u be l(2). Suppose 0 = -4*p - u + 11. Suppose -p*i - 148 = -f, 88 + 66 = f - 5*i. What are the prime factors of f?
2, 3
Suppose -6*u + 2*u + 4 = 0, -3*n = 5*u - 15947. What are the prime factors of n?
2, 2657
Suppose -4 = -9*k + 7*k. Suppose k*u - 2*b = 330, 0 = 5*u - u - 2*b - 666. Suppose 3*l - u = z - 65, 4*z = -2*l + 50. What are the prime factors of l?
3, 11
Suppose 13*j = 20*j - 8463. Suppose -2*t - 3*l = -j, 7*t - 3*l + 1812 = 10*t. What are the prime factors of t?
3, 67
Suppose -c + 8 = -5*t, 5*c + 2*t - 14 = t. Suppose -2*m = c*m. Let r(d) = -d**3 + d + 69. List the prime factors of r(m).
3, 23
Let o(j) = 4*j**3 + 4*j**2 - j - 4. Let z be o(3). Suppose -z = c - 543. What are the prime factors of c?
2, 7, 29
Let c = -646 + 1141. Let q = -278 + c. What are the prime factors of q?
7, 31
Let l(i) = -373*i - 172. Suppose 7 = -5*y + 2*k, -7*y - 4*k - 31 = -2*y. List the prime factors of l(y).
947
Let z(a) = -a**3 - 20*a**2 + 17*a + 26. Let q(h) = -h**3 - 20*h**2 + 15*h + 26. Let y(v) = -3*q(v) + 2*z(v). List the prime factors of y(-20).
2, 97
Suppose 4*y + 3 = q, q - y - 30 = 4*q. Let l(x) = -21*x - 30*x + 25 + 40*x. What are the prime factors of l(q)?
2, 31
Let b = 466 - 466. What are the prime factors of 1928/32*(b + 8)?
2, 241
Suppose 4*n - 78451 = 3*w, 0 = -n - 4*w + 18231 + 1358. What are the prime factors of n?
19609
Let n(x) = -8*x**2 - 32 + 62*x**2 - 67*x - 13 + 78*x. List the prime factors of n(4).
863
Suppose -57*b - 9*b + 455109 = -471003. What are the prime factors of b?
2, 877
Let n(o) = -2*o**3 + 4*o**2 + 6*o. Let m be n(3). Suppose x = 4*b - 0*b - 288, b - 4*x - 57 = m. List the prime factors of b.
73
Suppose -2*q - q = -4*a - 28240, 0 = 3*q - 5*a - 28244. Suppose 16*x - q = -1552. What are the prime factors of x?
491
Let x(j) = -j**2 - 14*j - 20. Let w be x(-12). Suppose 2*r + 8 = 0, -w*o + 6*o = -3*r + 130. List the prime factors of o.
71
Let h = -178 - -163. List the prime factors of (h/20)/(60/32)*-745.
2, 149
Suppose 5*h = 4*c - 30, -9*c + 5*c + 12 = 4*h. Suppose -849 - 446 = -2*a + c*x, 4*x - 1954 = -3*a. What are the prime factors of a?
2, 5, 13
Let k = 4280 + -2458. What are the prime factors of k?
2, 911
Let o be -35 + 1/((-1)/(-2)). Let d be (-6 - 3)/(-9)*-29. Let x = d - o. List the prime factors of x.
2
Suppose -157645 = -5*n + 2*d + 267978, -4*n + 3*d + 340497 = 0. What are the prime factors of n?
3, 5, 227
Suppose -4*z + 2*y - 3468 = 0, 10*z - 6*z + 3440 = -5*y. List the prime factors of (-16 - z)/((-3)/(-1)).
283
Suppose -39222 = 47*s - 53*s. Suppose -5*h + s = 522. What are the prime factors of h?
3, 401
Suppose -452740 + 5150 = -26*x. List the prime factors of x.
5, 11, 313
What are the prime factors of (-2)/11 + 6*943586/924?
11, 557
Let a(r) = r + 18. Let x be a(-18). Suppose 0 = -x*i - 48*i + 36384. What are the prime factors of i?
2, 379
Let f be (2*(-2)/8)/((-5)/10). Suppose -r - f = 9. What are the prime factors of 5 - 52*25/r?
3, 5
Let g be -3*((-288)/27)/(2/1). Suppose 18*w = g*w + 10. Suppose w*t - 328 = t. List the prime factors of t.
2, 41
Let o = 4703 - 237. Suppose 10*y + 1166 - o = 0. Let p = y - 194. List the prime factors of p.
2, 17
Let c(d) = -2797*d**3 - 8*d**2 - 15*d - 8. What are the prime factors of c(-1)?
2, 3, 233
Suppose -22*k + 122678 + 279257 = 111645. List the prime factors of k.
5, 7, 13, 29
Let y(p) = 9*p**2 + 52*p + 339. List the prime factors of y(44).
20051
Suppose -5*z + 11 = 1. Suppose 98 = z*r - 62. Suppose j - r = -23. What are the prime factors of j?
3, 19
Let w be -26*(-4)/4 + -2. Let m = -22 + w. List the prime factors of 26 + (-1 - m)*1.
23
Let v be (-11 + 12)*((1 - 2) + 14). Suppose -36 = v*a - 257. List the prime factors of a.
17
Suppose -143617 = -22*b - 39227. What are the prime factors of b?
5, 13, 73
Suppose y + 162 = -5*a + 53, -2*y - 2*a = 226. Let r(i) = i**2 - 12*i + 11. Let t be r(8). Let l = t - y. What are the prime factors of l?
3, 31
Let r = -1388 + 2598. Suppose 13050 = 10*y + r. What are the prime factors of y?
2, 37
Let z be (-2)/9 - 148/(-18). Let q(n) = -n**2 + 9*n - 6. Let c be q(z). Suppose c*x - 160 = -4*r, 0 = 2*r - r. List the prime factors of x.
2, 5
Let h be (-4 + 66/18)*-12. Let x(r) = 54*r**2 + 30*r. What are the prime factors of x(h)?
2, 3, 41
Suppose -677*n + 24048 = -665*n. What are the prime factors of n?
2, 3, 167
Suppose 3*v - 2 = g, 5*v + 1 = g + 7. Let t(a) = 102*a**2 + 7*a - 10. List the prime factors of t(v).
2, 103
Let k = 230 - -47. Suppose -4*h + 4*t + 29 = -519, k = 2*h - 5*t. What are the prime factors of h?
2, 17
Let t(p) = 288*p + 2212. List the prime factors of t(20).
2, 1993
Suppose a + 4*y = 380, 278 = a - 5*y - 120. Let v = a - 190. List the prime factors of v.
2, 3, 11
Let a be 7/42 - -22*1/12. Suppose 0 = -p + a*k + 860, k - 5 = 6*k. List the prime factors of p.
2, 3, 11, 13
Let z(p) = 128*p**2 - 84*p - 395. What are the prime factors of z(-6)?
53, 89
Let g(m) = m**2 + 5*m - 62. Let s be g(-9). Let t = s + 517. List the prime factors of t.
491
Let d(x) = -18*x - 14. Let p(n) = -n**3 - 4*n**2 - 3*n - 4. Let g be p(-4). Let c(m) = m. Let t(i) = g*c(i) + d(i). List the prime factors of t(-6).
2, 23
Let x(z) = -z**3 + 68*z**2 - 27*z + 16. What are the prime factors of x(36)?
2, 7, 1447
Let b(g) = -768*g**3 - 3*g**2 + 3*g + 4. Suppose -4*s - 2*d = 14, 4*s - 5*d - 21 = -0*s. List the prime factors of b(s).
2, 383
Let c be (-288)/(-80) - 3/5. Suppose c*d - 3*k + k = 2155, d - 3*k = 716. Suppose -1175 = -5*t - i - i, -3*t - 4*i = -d. List the prime factors of t.
233
Suppose -m + 957 - 81 = -2*n, -3*n + 2*m = 1313. Let x = n - -741. List the prime factors of x.
2, 151
Let b(i) = -2*i**3 - 13*i**2 - 10*i + 17. Let p be b(-6). Let j = 98 + 23. Let h = j - p. What are the prime factors of h?
2, 5
Suppose -12*f + 830 = -1774. List the prime factors of f.
7, 31
Let z(g) = g**3 - 4*g**2 + g - 7. Let j be z(5). Let o = 384 + -381. Suppose o*l - 338 = -j. What are the prime factors of l?
3, 5, 7
Suppose 87*i = 81*i - 36. What are the prime factors of (-2*1245/i)/1?
5, 83
Let x(q) = -216*q + 42. What are the prime factors of x(-6)?
2, 3, 223
Let n be (15/2)/((-6)/(-492)). Let p be 36/(-8)*16/(-36)*6. Suppose -7*q + p*q = n. What are the prime factors of q?
3, 41
Let p(u) = 3*u**2 - 4*u + 7. Suppose 5*i = 2*g - 15, -2*i = i - 2*g + 5. Let q be p(i). Suppose -z - q = -333. List the prime factors of z.
3, 7, 11
Suppose -26087 = -25*f + 69463. Suppose -14*m - f = -17*m. List the prime factors of m.
2, 7, 13
Let n = -74 - -1301. What are the prime factors of n - (2 - 0)*(18 - 19)?
1229
Suppose -3 - 1 = -2*i, 4*p - 2*i - 12 = 0. Suppose 5*b - 7*b = 4*d - 816, 2*d = -p*b + 396. List the prime factors of d.
2, 103
Let m = 6427 + -4693. List the prime factors of m.
2, 3, 17
Let b(p) = 13*p**2 + 149*p + 221. List the prime factors of b(37).
23531
Suppose -37*k + 42*k = 48080. 